 570 - 607. What are the prime factors of b?
3, 7, 19
Let l = -56 + 56. Suppose -5*b + 158 = -2*x, -4*x - 4*b - 272 - 16 = l. Let k = 292 + x. What are the prime factors of k?
2, 109
Let d be (597/9)/((-5)/30). Let o = -246 - d. Suppose 20 = -6*j + o. What are the prime factors of j?
2, 11
Let i = -443 - -6689. List the prime factors of i.
2, 3, 347
Let y = -49 + 71. Suppose -114 = -24*z + y*z. Let k = z + 71. What are the prime factors of k?
2
Let m = -91322 - -138088. What are the prime factors of m?
2, 67, 349
Suppose p = 49 + 3. Suppose -15*n = 58 + 272. Let o = n + p. List the prime factors of o.
2, 3, 5
Let j = 31 + -152. Let l = 239 - j. List the prime factors of l.
2, 3, 5
Suppose o - 5*o = -140. Let z(y) = 12*y - 84. Let n be z(7). Suppose -w + o = 5*g - n*w, 3*g + 4*w - 38 = 0. List the prime factors of g.
2, 3
Let i(q) = 11*q**2 + 20*q - 256. List the prime factors of i(-20).
2, 3, 13
Let v(t) = -7*t - 61. Let k be v(-24). Let i = k + -115. List the prime factors of 1*i/(-16) - 347/(-2).
2, 3, 29
What are the prime factors of 6/57 - (9180600/(-95))/20?
2, 151
Suppose a = -4*h + 53021, 78*h - 265252 = -5*a + 79*h. List the prime factors of a.
3, 17683
Suppose 0 = -5*k + 2*q - 98, k + 4*q + 9 = -15. What are the prime factors of ((-2040)/(-25))/((-6)/k)?
2, 17
Let z(n) = 29*n - 767. Let t be z(0). Let i = 1491 + t. What are the prime factors of i?
2, 181
Let d(j) = 1305*j - 2936. List the prime factors of d(35).
79, 541
Suppose 0 = -22*d + 334744 + 38618. List the prime factors of d.
3, 5657
Let m(r) = -6*r + 561. Let t be m(0). Suppose -2*j - 4*z + t = -9*z, -4*z - 12 = 0. List the prime factors of j.
3, 7, 13
Suppose -5*k = 4770 - 31810. What are the prime factors of k?
2, 13
Let i(a) = a**2 + 13*a + 18. Suppose 4 = -4*d, d + 37 = -5*y - d. Let p be i(y). What are the prime factors of 10/(-25)*-10 - p?
2, 7
Let u be (-105)/10*(-1 - (-11)/(-3)). Let k = -58 + u. Let c(f) = -f**3 - 10*f**2 - 16*f - 3. What are the prime factors of c(k)?
2, 3, 5
Let o(w) = -w**2 + 7 + 3*w - 14 + 9. Let t be o(3). Suppose -t*l = l - 252. List the prime factors of l.
2, 3, 7
Let w = -636 + 587. Let b(z) = -8*z + 284. What are the prime factors of b(w)?
2, 13
Suppose -r + 2141453 = 55*r + 23*r. What are the prime factors of r?
27107
Suppose -k + 1699 = 2323*p - 2322*p, 0 = 3*k + 6. List the prime factors of p.
3, 7
Let h be 3/(-12)*0 - 4. Let o be 4 - (-5 + 9) - h. Suppose j - o*j = -117. What are the prime factors of j?
3, 13
Let b be (-2)/(4*7/(-266)). Suppose b*u - 4903 = 7029. What are the prime factors of u?
2, 157
Let r(i) = 1342*i - 1453. List the prime factors of r(7).
3, 2647
Let y be (-4186)/(-130) - 18/15. Suppose 0 = -y*u - 5*u + 20052. What are the prime factors of u?
557
Let v be (4/(-14))/(12/(-168)). Suppose v = -2*d + 8. Suppose -d*j + i + 89 = -112, j - 4*i - 83 = 0. What are the prime factors of j?
103
Suppose 2*m - 6*m = -2*g - 6, 2*m - 3*g + 7 = 0. Suppose -m*f - 5*t + 765 = 0, -7*f - 186 = -8*f + 4*t. What are the prime factors of f?
2, 5, 19
Let l(m) = -2*m - 20. Let y be l(-12). Suppose 2*n + u = 290, -y*u = -3*u. List the prime factors of n.
5, 29
Suppose -5*s + 31 = 4*a + 1, 5*a + 24 = 4*s. Let y = 41 - 38. List the prime factors of 113 - 2/y*s.
109
Suppose 3*d + 38215 = 2*c + 9361, -14420 = -c - 2*d. List the prime factors of c.
2, 3, 601
Let g = -10192 + 56804. What are the prime factors of g?
2, 43, 271
Suppose 0 = 3*w + 4*s - 637, 3*w + s = 4*w - 217. Suppose w = a - 4*q - 412, -5*a + 3072 = q. What are the prime factors of a?
3, 5, 41
Let a(l) = l**3 - 11*l**2 + 5*l + 8. Let g(s) = -s**3 + 7*s**2 - 7*s - 5. Let u be g(7). Let f = u + 65. List the prime factors of a(f).
3, 7
Let f be (-1)/2 + (1 - 3/(-6)). Let g be (2 + -2)/f*(-6)/12. Suppose -4*h - 18 = -o, o + g = h + 15. What are the prime factors of o?
2, 7
Suppose 0 = q - 2*j - 70295, 31*q + 5*j = 32*q - 70268. What are the prime factors of q?
70313
Let o = -57 - -77. Suppose -5*y - 586 = -5*m + 139, 0 = 5*y + o. What are the prime factors of 3 + m + (-3)/(-1) + 0?
3, 7
Suppose -28*i + 119 = -21*i. Suppose 22*k = i*k + 4710. List the prime factors of k.
2, 3, 157
Suppose -2*q = -9 + 3. List the prime factors of 4/(-6) + 767/q + 6.
3, 29
Suppose 22*n = 53157 + 73035. What are the prime factors of n?
2, 3, 239
What are the prime factors of 4/7 - ((-4)/58 + 499439389/(-63539))?
7, 1123
Suppose 0 = 3*m + 4*a - 6, -5*a = 4*m + m - 10. Suppose -1102 = -z + x, 22 = -5*x + m. What are the prime factors of z?
2, 3, 61
Let d = 153829 - 105258. List the prime factors of d.
48571
List the prime factors of -1 + 14/12 + (-7175)/(-6).
2, 13, 23
Suppose -4*f = -5*m - 9, -7*m = 5*f - 2*m - 45. Suppose -3*c + l + 1856 = 0, f*l = 5*l + 4. What are the prime factors of c?
2, 5, 31
Let n = -22 - -5. Let j = -14 - n. Suppose -j*b + 101 = -19. What are the prime factors of b?
2, 5
Let q(l) = -9*l**2 - 11*l - 13. Let j(v) = -26*v**2 - 33*v - 39. Let z(p) = 2*j(p) - 7*q(p). What are the prime factors of z(6)?
5, 19
Let f = -19 + 22. Suppose 2*a = f*a + 2*a. Suppose a*q = 7*q - 658. List the prime factors of q.
2, 47
Suppose 27*s + 2*s = 174. Suppose 2114 + 874 = s*z. What are the prime factors of z?
2, 3, 83
Suppose -3*u + u + 2*l = -474, -4*u + 952 = -5*l. Let v = u + 178. What are the prime factors of v?
3, 137
Let c(n) = -n**3 - 4*n**2 - 11*n - 36. Suppose -5*z + 3*b + 5 = -4*z, -5*z = 3*b + 65. List the prime factors of c(z).
2, 337
Suppose -d = -g - 1866, -349*d + 353*d - 3*g = 7470. List the prime factors of d.
2, 3, 13
Suppose 18*u - 95697 = -31*u. What are the prime factors of u?
3, 7, 31
Let v be (-10 - -4)/(2*-1). Suppose v*r + 1 = 10. Suppose -4*h - 78 = -5*h - 5*z, 5*h + r*z = 412. What are the prime factors of h?
83
Let v = 687 + -627. Suppose v*k - 58*k = 940. What are the prime factors of k?
2, 5, 47
Suppose 16*q + 18*q - 9418 = 0. Suppose 0 = -o + 1677 - q. List the prime factors of o.
2, 5, 7
List the prime factors of ((-190)/25 - -7)/((-2)/49540).
2, 3, 2477
Let x = 4298 - -7973. List the prime factors of x.
7, 1753
Suppose 115*a - 110*a = 205. Suppose 35*l - a*l + 1584 = 0. What are the prime factors of l?
2, 3, 11
Let u = 2605 + -626. List the prime factors of u.
1979
Suppose 2*q - 26680 = -4*p, 4*q + 24311 = 4*p + 77671. List the prime factors of q.
2, 5, 23, 29
Suppose 5*c = 5*n + 12 + 43, 2*c = 5*n + 52. Let i be ((-2 - -3) + -2)/((-1)/60). Let q = n + i. What are the prime factors of q?
2, 5
Suppose -204009 = -6*h + 3*w, w = -139*h + 135*h + 136003. What are the prime factors of h?
11, 281
Suppose -29*k - 2*k = -299910 - 84893. List the prime factors of k.
12413
List the prime factors of (-96 + 144)*(2 + 560).
2, 3, 281
Let y(a) = 2*a**3 + 14*a**2 - 5. Let f be y(-7). Let w(z) = -5*z**2 - 10*z + 9. Let v be w(f). Let d = v + 158. List the prime factors of d.
2, 23
Suppose 10*j = 2*f + 6*j - 32, 31 = f - 5*j. Suppose -10*a = -f*a - 440. What are the prime factors of a?
2, 5, 11
Suppose -g = 6*f - 2*f - 54849, 5*f = -3*g + 164561. What are the prime factors of g?
11, 4987
Let j be -2 + 13 + (-12)/4. Let z = 11 - j. Suppose -178 + z = -5*q. List the prime factors of q.
5, 7
What are the prime factors of -250 + 63841 + (2 - 16)?
63577
Let v = -142 - -159. Suppose -4*r + 0*r + 3*j = -143, v = r + 3*j. What are the prime factors of r?
2
Let s = 88 + -86. Suppose -715 = s*h - 3*h. List the prime factors of h.
5, 11, 13
Let g = -138 + 138. Let h(y) = 26*y - 254. Let x(c) = -9*c + 85. Let i(n) = -6*h(n) - 17*x(n). What are the prime factors of i(g)?
79
What are the prime factors of ((-145)/(-58))/(10/4612)?
1153
Let p = 64 - 106. Let w = -28 - p. Let m = w + 73. List the prime factors of m.
3, 29
Suppose 5*b + 4*x = 37071, -3*b = b - 8*x - 29668. List the prime factors of b.
5, 1483
Suppose 7*m + 211579 - 596418 = 0. What are the prime factors of m?
13, 4229
Suppose -5*q + 38 = -2*b + 13, 97 = -5*b + q. Let f be b/(2 - (-280)/(-138)). Let x = f - 469. List the prime factors of x.
13, 17
Let r = 64 - 60. Suppose 5*h - 2*h + g - 973 = 0, -r*h + 1293 = -3*g. List the prime factors of h.
2, 3
Suppose -20*d + w = -27*d + 1900, 5*w = -3*d + 828. What are the prime factors of d?
271
Suppose -15 = -56*v + 51*v. Let i(f) = 2*f + 328*f**v + 0*f + 0 - 2 - 69*f**3 + f**2. List the prime 